umber?
False
Is 196860761 a composite number?
False
Is 626071049 a composite number?
False
Is 28461275897 a composite number?
False
Is 3883316383 a composite number?
False
Is 1701567817 composite?
False
Is 11502070859 a prime number?
False
Is 5521500199 composite?
True
Is 1593283253 composite?
False
Is 2347059779 composite?
True
Is 25630243 prime?
True
Is 564989023 a prime number?
True
Is 364899629 composite?
False
Is 560072243 a prime number?
False
Is 65601427841 a composite number?
False
Is 7634345981 prime?
False
Is 560417201 a composite number?
False
Is 998819545 a prime number?
False
Is 1628488637 a composite number?
True
Is 9286686239 a composite number?
False
Is 20735430577 composite?
False
Is 771496211 a composite number?
True
Is 183417427 a composite number?
False
Is 2188428883 a composite number?
True
Is 28310123693 a composite number?
False
Is 16988667727 a prime number?
True
Is 34432303457 composite?
False
Is 3210866605 composite?
True
Is 819206711 prime?
True
Is 1852246115 composite?
True
Is 46214650039 a composite number?
False
Is 2545781237 a prime number?
True
Is 3848420549 prime?
True
Is 71237527313 prime?
True
Is 940397189 composite?
True
Is 3741799283 a composite number?
True
Is 6701181271 composite?
True
Is 545657863 composite?
False
Is 1304882669 a prime number?
True
Is 93418592693 a prime number?
True
Is 12064139 a prime number?
True
Is 3602751943 a prime number?
False
Is 74276663 composite?
False
Is 938609494 a composite number?
True
Is 26495184931 a composite number?
False
Is 2182898503 prime?
False
Is 4420400317 a prime number?
False
Is 4329541211 composite?
False
Is 21619203233 a prime number?
True
Is 948899867 a prime number?
True
Is 262794479 a prime number?
True
Is 40900640747 composite?
True
Is 167740501 a prime number?
True
Is 572266837 a composite number?
True
Is 876602387 composite?
True
Is 225834319153 a prime number?
True
Is 1022336251 a prime number?
True
Is 31608600041 a prime number?
True
Is 2756665591 a prime number?
True
Is 134658035191 prime?
True
Is 941432993 composite?
False
Is 214628761 a prime number?
True
Is 11994739703 a composite number?
True
Is 69002033287 prime?
False
Is 2895751 a composite number?
True
Is 6547331357 composite?
True
Is 338225759 a prime number?
True
Is 486415121 a composite number?
True
Is 1264919203 a prime number?
True
Is 108765181 a composite number?
True
Is 16876721 composite?
False
Is 2829417307 prime?
True
Is 842442715 composite?
True
Is 1401616891 prime?
True
Is 32577421661 prime?
True
Is 11084868913 composite?
True
Is 20812511626 a prime number?
False
Is 496465319 a prime number?
False
Is 12677287 composite?
True
Is 2281047037 prime?
True
Is 13776124303 prime?
True
Is 14852032207 a composite number?
False
Is 120280103 a composite number?
False
Is 354816031 prime?
True
Is 136898361569 prime?
True
Is 295129787 composite?
True
Is 630075569 a prime number?
True
Is 16568990293 prime?
True
Is 10229114837 composite?
False
Is 1613586971 composite?
False
Is 30920958947 composite?
False
Is 1786644029 a composite number?
False
Is 117748049 composite?
True
Is 44748348419 composite?
False
Is 15269795347 composite?
False
Is 4090836031 a prime number?
True
Is 303419603 prime?
False
Is 140918207 a prime number?
False
Is 128765719 a prime number?
True
Is 50423267663 a composite number?
False
Is 2703393617 composite?
True
Is 30591373769 prime?
False
Is 42942589 prime?
False
Is 10171603327 composite?
False
Is 343007393 a composite number?
False
Is 2494251191 a prime number?
True
Is 1167627017 prime?
False
Is 1959317977 prime?
True
Is 18918259837 a composite number?
True
Is 8938789319 a composite number?
False
Is 2633373203 composite?
False
Is 46000363777 a prime number?
True
Is 88765581181 prime?
False
Is 2825063957 composite?
False
Is 106375831 a prime number?
True
Is 1298992511 prime?
False
Is 927961 a prime number?
True
Is 413029067 a composite number?
True
Is 1011633803 composite?
True
Is 6443589673 a composite number?
False
Is 16418844257 a prime number?
True
Is 6433744861 prime?
True
Is 7846382363 a prime number?
True
Is 33919201259 a composite number?
True
Is 969613 prime?
False
Is 56607058357 prime?
True
Is 1277244443 prime?
True
Is 5702681965 a prime number?
False
Is 29326630001 a composite number?
True
Is 573690823 a prime number?
False
Is 538187251 composite?
True
Is 70492715641 a composite number?
True
Is 68555798345 prime?
False
Is 733339583 prime?
True
Is 922156559 a prime number?
True
Is 236412221 a prime number?
False
Is 27566220761 composite?
False
Is 65922844901 a prime number?
True
Is 60508435211 prime?
False
Is 8141942723 composite?
False
Is 6553277347 a composite number?
True
Is 224426890013 composite?
False
Is 123142929173 prime?
False
Is 6933716249 prime?
True
Is 197741017141 a prime number?
False
Is 64796322487 a prime number?
False
Is 25951566829 prime?
True
Is 10406721679 composite?
True
Is 1305347999 a composite number?
False
Is 5591610949 a prime number?
True
Is 2213872231 composite?
True
Is 66925881923 composite?
True
Is 28067747503 prime?
True
Is 1211523161 a prime number?
True
Is 1107060767 a prime number?
False
Is 17155988945 a prime number?
False
Is 1605777287 a prime number?
True
Is 24147887263 a composite number?
False
Is 4540415459 a prime number?
True
Is 26393227961 a composite number?
True
Is 66665989 composite?
True
Is 19104071587 a prime number?
True
Is 5462307391 prime?
False
Is 75279559 a composite number?
False
Is 6167110657 a prime number?
True
Is 24979472591 a prime number?
True
Is 47849834939 a prime number?
True
Is 118099328089 composite?
True
Is 11220270331 a prime number?
False
Is 699753079 a composite number?
True
Is 4554497561 a prime number?
True
Is 2480088043 composite?
False
Is 43866518887 a prime number?
True
Is 1890008543 a prime number?
True
Is 22690725727 composite?
False
Is 5710489133 prime?
True
Is 131431511 a prime number?
False
Is 3508568803 prime?
True
Is 42341643371 composite?
True
Is 21898502513 a composite number?
False
Is 757326971 composite?
False
Is 119099437909 a composite number?
False
Is 163655329 prime?
False
Is 81306841099 prime?
False
Is 5625373723 a composite number?
True
Is 33855992483 composite?
True
Is 222368230067 a prime number?
True
Is 85602911 prime?
False
Is 14822798281 a prime number?
False
Is 1682928487 a prime number?
True
Is 10630678601 composite?
True
Is 4038847441 prime?
True
Is 72503816743 composite?
True
Is 31434366209 a prime number?
True
Is 514273561 a prime number?
False
Is 1327262 a prime number?
False
Is 1814306881 prime?
True
Is 2487570919 prime?
True
Is 412877021 prime?
True
Is 71063342327 a prime number?
True
Is 1437216809 a composite number?
True
Is 8730593303 a composite number?
False
Is 3799432487 a composite number?
True
Is 566049989 composite?
False
Is 168106856997 a prime number?
False
Is 380490185 prime?
False
Is 194424619 a prime number?
False
Is 2224753613 prime?
False
Is 963908479 composite?
False
Is 152214279869 a composite number?
False
Is 475500583 composite?
False
Is 35370537901 prime?
True
Is 359938349 prime?
True
Is 1663919351 composite?
False
Is 5525329393 a prime number?
True
Is 428955691 prime?
True
Is 1963521101 a prime number?
False
Is 1156634513 prime?
False
Is 74592575003 composite?
False
Is 12873565893 composite?
True
Is 120588822989 prime?
True
Is 1014286121 a prime number?
False
Is 1836541741 a prime number?
False
Is 2038810073 composite?
True
Is 33086200097 prime?
False
Is 95065387 prime?
True
Is 630663935285 a composite number?
True
Is 112442017 prime?
True
Is 719624891 a composite number?
False
Is 1152611893 a composite number?
False
Is 149083483789 composite?
False
Is 605889821 a prime number?
False
Is 4565113667 prime?
True
Is 7977347701 composite?
False
Is 3107927857 a composite number?
True
Is 72453922131 a composite number?
True
Is 20163375989 prime?
True
Is 80677712747 a prime number?
False
Is 51807670601 a composite number?
False
Is 1129122713 a prime number?
True
Is 414136273 composite?
True
Is 2373600527 prime?
True
Is 2870097547 a composite number?
True
Is 22393280191 a prime number?
True
Is 528448831 a prime number?
False
Is 1654746181 prime?
False
Is 3537870953 prime?
True
Is 65505599891 prime?
False
Is 33880404893 a prime number?
True
Is 269134